17
What are the prime factors of 14563?
14563
List the prime factors of 223.
223
List the prime factors of 167583.
3, 13, 4297
What are the prime factors of 47763?
3, 29, 61
List the prime factors of 6381.
3, 709
List the prime factors of 2117.
29, 73
List the prime factors of 7180.
2, 5, 359
List the prime factors of 5503.
5503
List the prime factors of 48.
2, 3
What are the prime factors of 4691?
4691
List the prime factors of 10215.
3, 5, 227
What are the prime factors of 12049?
12049
List the prime factors of 595.
5, 7, 17
List the prime factors of 37333.
37, 1009
List the prime factors of 862.
2, 431
List the prime factors of 14913.
3, 1657
List the prime factors of 2463.
3, 821
List the prime factors of 2246.
2, 1123
What are the prime factors of 2654?
2, 1327
What are the prime factors of 12592?
2, 787
List the prime factors of 1921.
17, 113
What are the prime factors of 37082?
2, 18541
List the prime factors of 468.
2, 3, 13
List the prime factors of 69681.
3, 23227
List the prime factors of 1229.
1229
List the prime factors of 19960.
2, 5, 499
List the prime factors of 4248.
2, 3, 59
What are the prime factors of 7403?
11, 673
List the prime factors of 851.
23, 37
What are the prime factors of 49731?
3, 11, 137
List the prime factors of 386.
2, 193
List the prime factors of 815.
5, 163
List the prime factors of 1452.
2, 3, 11
List the prime factors of 557.
557
List the prime factors of 8646.
2, 3, 11, 131
What are the prime factors of 1208?
2, 151
What are the prime factors of 2121?
3, 7, 101
What are the prime factors of 24598?
2, 7, 251
List the prime factors of 1384.
2, 173
What are the prime factors of 361?
19
What are the prime factors of 58819?
131, 449
What are the prime factors of 287?
7, 41
List the prime factors of 14903.
7, 2129
List the prime factors of 8998.
2, 11, 409
List the prime factors of 11394.
2, 3, 211
What are the prime factors of 42951?
3, 103, 139
What are the prime factors of 20642?
2, 10321
List the prime factors of 5157.
3, 191
What are the prime factors of 5566?
2, 11, 23
What are the prime factors of 27531?
3, 7, 19, 23
What are the prime factors of 19784?
2, 2473
What are the prime factors of 28159?
29, 971
List the prime factors of 1502.
2, 751
What are the prime factors of 9829?
9829
List the prime factors of 63642.
2, 3, 10607
List the prime factors of 4395.
3, 5, 293
List the prime factors of 41375.
5, 331
List the prime factors of 3376.
2, 211
What are the prime factors of 1142?
2, 571
What are the prime factors of 14752?
2, 461
List the prime factors of 3272.
2, 409
What are the prime factors of 52957?
52957
List the prime factors of 2134.
2, 11, 97
List the prime factors of 1172.
2, 293
List the prime factors of 815.
5, 163
What are the prime factors of 7381?
11, 61
What are the prime factors of 23552?
2, 23
List the prime factors of 12073.
12073
What are the prime factors of 6364?
2, 37, 43
What are the prime factors of 75349?
151, 499
List the prime factors of 34788.
2, 3, 13, 223
List the prime factors of 140819.
7, 20117
List the prime factors of 926.
2, 463
List the prime factors of 24887.
41, 607
What are the prime factors of 98559?
3, 47, 233
List the prime factors of 2483.
13, 191
What are the prime factors of 727?
727
What are the prime factors of 212?
2, 53
What are the prime factors of 4986?
2, 3, 277
What are the prime factors of 1597?
1597
List the prime factors of 15894.
2, 3, 883
List the prime factors of 788.
2, 197
What are the prime factors of 2041?
13, 157
What are the prime factors of 6635?
5, 1327
List the prime factors of 6466.
2, 53, 61
What are the prime factors of 2071?
19, 109
List the prime factors of 65935.
5, 13187
What are the prime factors of 13505?
5, 37, 73
What are the prime factors of 43392?
2, 3, 113
List the prime factors of 504.
2, 3, 7
List the prime factors of 2207.
2207
List the prime factors of 456.
2, 3, 19
What are the prime factors of 7358?
2, 13, 283
What are the prime factors of 1090?
2, 5, 109
What are the prime factors of 693?
3, 7, 11
List the prime factors of 32092.
2, 71, 113
List the prime factors of 3748.
2, 937
What are the prime factors of 508?
2, 127
What are the prime factors of 336?
2, 3, 7
List the prime factors of 184.
2, 23
What are the prime factors of 2605?
5, 521
List the prime factors of 11614.
2, 5807
What are the prime factors of 128079?
3, 7, 19, 107
List the prime factors of 67999.
53, 1283
List the prime factors of 367.
367
List the prime factors of 5835.
3, 5, 389
What are the prime factors of 29262?
2, 3, 4877
What are the prime factors of 8947?
23, 389
List the prime factors of 1468.
2, 367
What are the prime factors of 8144?
2, 509
List the prime factors of 26894.
2, 7, 17, 113
List the prime factors of 234.
2, 3, 13
List the prime factors of 125955.
3, 5, 311
List the prime factors of 11519.
11519
List the prime factors of 250.
2, 5
List the prime factors of 99397.
99397
What are the prime factors of 4258?
2, 2129
What are the prime factors of 135239?
13, 101, 103
What are the prime factors of 14824?
2, 17, 109
List the prime factors of 2089.
2089
List the prime factors of 589.
19, 31
What are the prime factors of 1269?
3, 47
What are the prime factors of 1060?
2, 5, 53
What are the prime factors of 9026?
2, 4513
What are the prime factors of 1206?
2, 3, 67
What are the prime factors of 12533?
83, 151
List the prime factors of 2862.
2, 3, 53
What are the prime factors of 9829?
9829
What are the prime factors of 14303?
14303
List the prime factors of 41996.
2, 10499
What are the prime factors of 1084?
2, 271
List the prime factors of 3022.
2, 1511
What are the prime factors of 513?
3, 19
What are the prime factors of 49429?
49429
List the prime factors of 3808.
2, 7, 17
What are the prime factors of 1356?
2, 3, 113
What are the prime factors of 3841?
23, 167
List the prime factors of 50360.
2, 5, 1259
What are the prime factors of 14577?
3, 43, 113
What are the prime factors of 37609?
11, 13, 263
List the prime factors of 10037.
10037
What are the prime factors of 132183?
3, 19, 773
What are the prime factors of 891?
3, 11
What are the prime factors of 30709?
7, 41, 107
List the prime factors of 66469.
13, 5113
List the prime factors of 12627.
3, 23, 61
What are the prime factors of 1176?
2, 3, 7
What are the prime factors of 45188?
2, 11, 13, 79
What are the prime factors of 1319?
1319
List the prime factors of 31309.
131, 239
List the prime factors of 4908.
2, 3, 409
List the prime factors of 36299.
36299
List the prime factors of 91593.
3, 10177
List the prime factors of 42864.
2, 3, 19, 47
What are the prime factors of 1588?
2, 397
What are the prime factors of 1367?
1367
List the prime factors of 6559.
7, 937
List the prime factors of 15284.
2, 3821
What are the prime factors of 743?
743
What are the prime factors of 5621?
7, 11, 73
What are the prime factors of 18000?
2, 3, 5
List the prime factors of 1004.
2, 251
What are the prime factors of 514?
2, 257
What are the prime factors of 9165?
3, 5, 13, 47
List the prime factors of 100614.
2, 3, 41, 409
List the prime factors of 354.
2, 3, 59
What are the prime factors of 1502?
2, 751
List the prime factors of 1918.
2, 7, 137
List the prime factors of 134074.
2, 43, 1559
List the prime factors of 1694.
2, 7, 11
List the prime factors of 8627.
8627
List the prime factors of 40716.
2, 3, 13, 29
What are the prime factors of 3043?
17, 179
List the prime factors of 29416.
2, 3677
What are the prime factors of 82738?
2, 41, 1009
What are the prime factors of 11525?
5, 461
What are the prime factors of 1197?
3, 7, 19
List the prime factors of 25875.
3, 5, 23
List the prime factors of 28009.
37, 757
What are the prime factors of 487?
487
What are the prime factors of 5003?
5003
List the prime factors of 16.
2
List the prime factors of 101356.
2, 25339
What are the prime factors of 546?
2, 3, 7, 13
What are the prime factors of 151275?
3, 5, 2017
What are the prime factors of 28273?
7, 577
What are the prime factors of 1706?
2, 853
List the prime factors of 1003.
17, 59
What are the prime factors of 92936?
2, 11617
List the prime factors of 4403.
7, 17, 37
What are the prime factors of 4664?
2, 11, 53
List the prime factors of 1210.
2, 5, 11
What are the prime factors of 17